{"id":1013,"date":"2025-09-18T03:29:01","date_gmt":"2025-09-18T01:29:01","guid":{"rendered":"https:\/\/bam-digitalacademy.com\/?post_type=product&#038;p=1013"},"modified":"2025-11-10T14:47:12","modified_gmt":"2025-11-10T13:47:12","slug":"dominio-online-anual","status":"publish","type":"product","link":"https:\/\/bam-digitalacademy.com\/?product=dominio-online-anual","title":{"rendered":"Dominio .online (anual)"},"content":{"rendered":"<p data-start=\"119\" data-end=\"405\">Asegura la identidad digital de tu empresa o proyecto con el servicio de <strong data-start=\"192\" data-end=\"216\">Dominio Online Anual<\/strong> de <strong data-start=\"220\" data-end=\"235\">Artemis Lab<\/strong>. Este producto te ofrece la posibilidad de registrar un dominio personalizado para tu p\u00e1gina web, garantizando una presencia profesional y f\u00e1cil de recordar en Internet.<\/p>\n<p data-start=\"407\" data-end=\"439\"><strong data-start=\"407\" data-end=\"439\">Caracter\u00edsticas principales:<\/strong><\/p>\n<ul data-start=\"440\" data-end=\"1046\">\n<li data-start=\"440\" data-end=\"595\">\n<p data-start=\"442\" data-end=\"595\"><strong data-start=\"442\" data-end=\"479\">Registro de dominio personalizado<\/strong>: Elige el nombre que represente a tu marca o negocio, con extensiones populares como .com, .net, .org y muchas m\u00e1s.<\/p>\n<\/li>\n<li data-start=\"596\" data-end=\"734\">\n<p data-start=\"598\" data-end=\"734\"><strong data-start=\"598\" data-end=\"616\">Duraci\u00f3n anual<\/strong>: El servicio cubre un a\u00f1o de registro, con opci\u00f3n de renovaci\u00f3n, asegurando la disponibilidad continua de tu dominio.<\/p>\n<\/li>\n<li data-start=\"735\" data-end=\"885\">\n<p data-start=\"737\" data-end=\"885\"><strong data-start=\"737\" data-end=\"754\">F\u00e1cil gesti\u00f3n<\/strong>: Accede a un panel de administraci\u00f3n intuitivo para gestionar tus configuraciones de DNS, correos y otros par\u00e1metros relacionados.<\/p>\n<\/li>\n<li data-start=\"886\" data-end=\"1046\">\n<p data-start=\"888\" data-end=\"1046\"><strong data-start=\"888\" data-end=\"907\">Soporte t\u00e9cnico<\/strong>: Asistencia dedicada para resolver cualquier problema relacionado con tu dominio, desde la configuraci\u00f3n inicial hasta problemas t\u00e9cnicos.<\/p>\n<\/li>\n<\/ul>\n<p data-start=\"1048\" data-end=\"1182\">Ideal para emprendedores, peque\u00f1as empresas y profesionales que necesitan una presencia online s\u00f3lida y accesible, sin complicaciones.<\/p>\n","protected":false},"excerpt":{"rendered":"<p>Asegura la identidad digital de tu empresa o proyecto con el servicio de Dominio Online Anual de Artemis Lab. Este producto te ofrece la posibilidad de registrar un dominio personalizado para tu p\u00e1gina web, garantizando una presencia profesional y f\u00e1cil de recordar en Internet. Caracter\u00edsticas principales: Registro de dominio personalizado: Elige el nombre que represente a tu marca o negocio, con extensiones populares como .com, .net, .org y muchas m\u00e1s. Duraci\u00f3n anual: El servicio cubre un a\u00f1o de registro, con opci\u00f3n de renovaci\u00f3n, asegurando la disponibilidad continua de tu dominio. F\u00e1cil gesti\u00f3n: Accede a un panel de administraci\u00f3n intuitivo para gestionar tus configuraciones de DNS, correos y otros par\u00e1metros relacionados. Soporte t\u00e9cnico: Asistencia dedicada para resolver cualquier problema relacionado con tu dominio, desde la configuraci\u00f3n inicial hasta problemas t\u00e9cnicos. Ideal para emprendedores, peque\u00f1as empresas y profesionales que necesitan una presencia online s\u00f3lida y accesible, sin complicaciones.<\/p>\n","protected":false},"featured_media":1316,"template":"","meta":[],"product_brand":[],"product_cat":[25],"product_tag":[],"class_list":{"0":"post-1013","1":"product","2":"type-product","3":"status-publish","4":"has-post-thumbnail","6":"product_cat-dominios","8":"first","9":"instock","10":"shipping-taxable","11":"purchasable","12":"product-type-simple"},"_links":{"self":[{"href":"https:\/\/bam-digitalacademy.com\/index.php?rest_route=\/wp\/v2\/product\/1013","targetHints":{"allow":["GET"]}}],"collection":[{"href":"https:\/\/bam-digitalacademy.com\/index.php?rest_route=\/wp\/v2\/product"}],"about":[{"href":"https:\/\/bam-digitalacademy.com\/index.php?rest_route=\/wp\/v2\/types\/product"}],"wp:featuredmedia":[{"embeddable":true,"href":"https:\/\/bam-digitalacademy.com\/index.php?rest_route=\/wp\/v2\/media\/1316"}],"wp:attachment":[{"href":"https:\/\/bam-digitalacademy.com\/index.php?rest_route=%2Fwp%2Fv2%2Fmedia&parent=1013"}],"wp:term":[{"taxonomy":"product_brand","embeddable":true,"href":"https:\/\/bam-digitalacademy.com\/index.php?rest_route=%2Fwp%2Fv2%2Fproduct_brand&post=1013"},{"taxonomy":"product_cat","embeddable":true,"href":"https:\/\/bam-digitalacademy.com\/index.php?rest_route=%2Fwp%2Fv2%2Fproduct_cat&post=1013"},{"taxonomy":"product_tag","embeddable":true,"href":"https:\/\/bam-digitalacademy.com\/index.php?rest_route=%2Fwp%2Fv2%2Fproduct_tag&post=1013"}],"curies":[{"name":"wp","href":"https:\/\/api.w.org\/{rel}","templated":true}]}}