{"id":1014,"date":"2025-09-18T03:29:01","date_gmt":"2025-09-18T01:29:01","guid":{"rendered":"https:\/\/bam-digitalacademy.com\/?post_type=product&#038;p=1014"},"modified":"2025-11-10T14:47:12","modified_gmt":"2025-11-10T13:47:12","slug":"dominio-co-anual","status":"publish","type":"product","link":"https:\/\/bam-digitalacademy.com\/?product=dominio-co-anual","title":{"rendered":"Dominio .co (anual)"},"content":{"rendered":"<p data-start=\"113\" data-end=\"550\">Con el <strong data-start=\"120\" data-end=\"141\">Dominio .co Anual<\/strong> de <strong data-start=\"145\" data-end=\"160\">Artemis Lab<\/strong>, obtienes una opci\u00f3n de dominio internacional altamente vers\u00e1til y popular, ideal tanto para empresas como para proyectos personales, startups y emprendedores. La extensi\u00f3n <strong data-start=\"334\" data-end=\"341\">.co<\/strong> es reconocida globalmente y est\u00e1 asociada a conceptos como \u00abcompa\u00f1\u00eda\u00bb, \u00abcorporaci\u00f3n\u00bb o \u00abcomunidad\u00bb, lo que la convierte en una excelente opci\u00f3n para aquellas marcas que buscan una presencia din\u00e1mica en l\u00ednea.<\/p>\n<p data-start=\"552\" data-end=\"584\"><strong data-start=\"552\" data-end=\"584\">Caracter\u00edsticas principales:<\/strong><\/p>\n<ul data-start=\"585\" data-end=\"1265\">\n<li data-start=\"585\" data-end=\"790\">\n<p data-start=\"587\" data-end=\"790\"><strong data-start=\"587\" data-end=\"602\">Dominio .co<\/strong>: Una de las extensiones m\u00e1s codiciadas para negocios digitales, startups y proyectos internacionales que buscan una opci\u00f3n corta, memorable y f\u00e1cilmente asociable a la palabra \u00abcompa\u00f1\u00eda\u00bb.<\/p>\n<\/li>\n<li data-start=\"791\" data-end=\"917\">\n<p data-start=\"793\" data-end=\"917\"><strong data-start=\"793\" data-end=\"811\">Duraci\u00f3n anual<\/strong>: Registro por un a\u00f1o con opci\u00f3n a renovaci\u00f3n autom\u00e1tica para mantener tu dominio siempre bajo tu control.<\/p>\n<\/li>\n<li data-start=\"918\" data-end=\"1085\">\n<p data-start=\"920\" data-end=\"1085\"><strong data-start=\"920\" data-end=\"941\">Gesti\u00f3n intuitiva<\/strong>: Accede a un panel de administraci\u00f3n sencillo para gestionar configuraciones DNS, redirecci\u00f3n de correos y otras funcionalidades de tu dominio.<\/p>\n<\/li>\n<li data-start=\"1086\" data-end=\"1265\">\n<p data-start=\"1088\" data-end=\"1265\"><strong data-start=\"1088\" data-end=\"1116\">Soporte t\u00e9cnico dedicado<\/strong>: Asistencia profesional y continua para resolver cualquier problema relacionado con la gesti\u00f3n de tu dominio, asegurando su funcionamiento adecuado.<\/p>\n<\/li>\n<\/ul>\n<p data-start=\"1267\" data-end=\"1437\">El <strong data-start=\"1270\" data-end=\"1285\">Dominio .co<\/strong> es ideal para emprendedores y empresas que desean una direcci\u00f3n web moderna y reconocible, que se alinee con su visi\u00f3n global o su concepto de negocio.<\/p>\n","protected":false},"excerpt":{"rendered":"<p>Con el Dominio .co Anual de Artemis Lab, obtienes una opci\u00f3n de dominio internacional altamente vers\u00e1til y popular, ideal tanto para empresas como para proyectos personales, startups y emprendedores. La extensi\u00f3n .co es reconocida globalmente y est\u00e1 asociada a conceptos como \u00abcompa\u00f1\u00eda\u00bb, \u00abcorporaci\u00f3n\u00bb o \u00abcomunidad\u00bb, lo que la convierte en una excelente opci\u00f3n para aquellas marcas que buscan una presencia din\u00e1mica en l\u00ednea. Caracter\u00edsticas principales: Dominio .co: Una de las extensiones m\u00e1s codiciadas para negocios digitales, startups y proyectos internacionales que buscan una opci\u00f3n corta, memorable y f\u00e1cilmente asociable a la palabra \u00abcompa\u00f1\u00eda\u00bb. Duraci\u00f3n anual: Registro por un a\u00f1o con opci\u00f3n a renovaci\u00f3n autom\u00e1tica para mantener tu dominio siempre bajo tu control. Gesti\u00f3n intuitiva: Accede a un panel de administraci\u00f3n sencillo para gestionar configuraciones DNS, redirecci\u00f3n de correos y otras funcionalidades de tu dominio. Soporte t\u00e9cnico dedicado: Asistencia profesional y continua para resolver cualquier problema relacionado con la gesti\u00f3n de tu dominio, asegurando su funcionamiento adecuado. El Dominio .co es ideal para emprendedores y empresas que desean una direcci\u00f3n web moderna y reconocible, que se alinee con su visi\u00f3n global o su concepto de negocio.<\/p>\n","protected":false},"featured_media":1316,"template":"","meta":[],"product_brand":[],"product_cat":[25],"product_tag":[],"class_list":{"0":"post-1014","1":"product","2":"type-product","3":"status-publish","4":"has-post-thumbnail","6":"product_cat-dominios","8":"first","9":"instock","10":"shipping-taxable","11":"purchasable","12":"product-type-simple"},"_links":{"self":[{"href":"https:\/\/bam-digitalacademy.com\/index.php?rest_route=\/wp\/v2\/product\/1014","targetHints":{"allow":["GET"]}}],"collection":[{"href":"https:\/\/bam-digitalacademy.com\/index.php?rest_route=\/wp\/v2\/product"}],"about":[{"href":"https:\/\/bam-digitalacademy.com\/index.php?rest_route=\/wp\/v2\/types\/product"}],"wp:featuredmedia":[{"embeddable":true,"href":"https:\/\/bam-digitalacademy.com\/index.php?rest_route=\/wp\/v2\/media\/1316"}],"wp:attachment":[{"href":"https:\/\/bam-digitalacademy.com\/index.php?rest_route=%2Fwp%2Fv2%2Fmedia&parent=1014"}],"wp:term":[{"taxonomy":"product_brand","embeddable":true,"href":"https:\/\/bam-digitalacademy.com\/index.php?rest_route=%2Fwp%2Fv2%2Fproduct_brand&post=1014"},{"taxonomy":"product_cat","embeddable":true,"href":"https:\/\/bam-digitalacademy.com\/index.php?rest_route=%2Fwp%2Fv2%2Fproduct_cat&post=1014"},{"taxonomy":"product_tag","embeddable":true,"href":"https:\/\/bam-digitalacademy.com\/index.php?rest_route=%2Fwp%2Fv2%2Fproduct_tag&post=1014"}],"curies":[{"name":"wp","href":"https:\/\/api.w.org\/{rel}","templated":true}]}}