{"id":948,"date":"2025-09-05T00:35:00","date_gmt":"2025-09-04T22:35:00","guid":{"rendered":"https:\/\/bam-digitalacademy.com\/?product=tarjetas-mate-por-2-lados-1000-unds-cote-350gr"},"modified":"2025-11-10T14:41:00","modified_gmt":"2025-11-10T13:41:00","slug":"tarjetas-mate-por-2-lados-1000-unds-cote-350gr","status":"publish","type":"product","link":"https:\/\/bam-digitalacademy.com\/?product=tarjetas-mate-por-2-lados-1000-unds-cote-350gr","title":{"rendered":"Tarjetas Mate por 2 Lados (1000 unds, Cote 350gr)"},"content":{"rendered":"<p data-start=\"190\" data-end=\"316\">Impresi\u00f3n de tarjetas de alta calidad con acabado mate en ambas caras, perfectas para una presentaci\u00f3n elegante y profesional.<\/p>\n<p data-start=\"318\" data-end=\"350\"><strong data-start=\"318\" data-end=\"350\">Caracter\u00edsticas principales:<\/strong><\/p>\n<ul data-start=\"351\" data-end=\"660\">\n<li data-start=\"351\" data-end=\"436\">\n<p data-start=\"353\" data-end=\"436\">Impresi\u00f3n a color en ambos lados (4&#215;4), con acabado mate para un toque sofisticado.<\/p>\n<\/li>\n<li data-start=\"437\" data-end=\"515\">\n<p data-start=\"439\" data-end=\"515\">Papel Cote 350 gramos, ideal para tarjetas resistentes y de calidad premium.<\/p>\n<\/li>\n<li data-start=\"516\" data-end=\"596\">\n<p data-start=\"518\" data-end=\"596\">Cantidad de 1000 unidades, ideal para empresas, eventos o distribuci\u00f3n masiva.<\/p>\n<\/li>\n<li data-start=\"597\" data-end=\"660\">\n<p data-start=\"599\" data-end=\"660\">Acabado mate que evita reflejos y da un aspecto m\u00e1s refinado.<\/p>\n<\/li>\n<\/ul>\n<p data-start=\"662\" data-end=\"677\"><strong data-start=\"662\" data-end=\"677\">Beneficios:<\/strong><\/p>\n<ul data-start=\"678\" data-end=\"919\">\n<li data-start=\"678\" data-end=\"744\">\n<p data-start=\"680\" data-end=\"744\">Ideal para tarjetas de presentaci\u00f3n, invitaciones o promociones.<\/p>\n<\/li>\n<li data-start=\"745\" data-end=\"840\">\n<p data-start=\"747\" data-end=\"840\">El acabado mate proporciona una textura suave y profesional, ideal para escribir sobre ellas.<\/p>\n<\/li>\n<li data-start=\"841\" data-end=\"919\">\n<p data-start=\"843\" data-end=\"919\">Alta durabilidad y presentaci\u00f3n de calidad superior a un precio competitivo.<\/p>\n<\/li>\n<\/ul>\n","protected":false},"excerpt":{"rendered":"<p>Impresi\u00f3n de tarjetas de alta calidad con acabado mate en ambas caras, perfectas para una presentaci\u00f3n elegante y profesional. Caracter\u00edsticas principales: Impresi\u00f3n a color en ambos lados (4&#215;4), con acabado mate para un toque sofisticado. Papel Cote 350 gramos, ideal para tarjetas resistentes y de calidad premium. Cantidad de 1000 unidades, ideal para empresas, eventos o distribuci\u00f3n masiva. Acabado mate que evita reflejos y da un aspecto m\u00e1s refinado. Beneficios: Ideal para tarjetas de presentaci\u00f3n, invitaciones o promociones. El acabado mate proporciona una textura suave y profesional, ideal para escribir sobre ellas. Alta durabilidad y presentaci\u00f3n de calidad superior a un precio competitivo.<\/p>\n","protected":false},"featured_media":1300,"template":"","meta":[],"product_brand":[],"product_cat":[23],"product_tag":[],"class_list":{"0":"post-948","1":"product","2":"type-product","3":"status-publish","4":"has-post-thumbnail","6":"product_cat-impresos-por-millar","8":"first","9":"instock","10":"shipping-taxable","11":"purchasable","12":"product-type-simple"},"_links":{"self":[{"href":"https:\/\/bam-digitalacademy.com\/index.php?rest_route=\/wp\/v2\/product\/948","targetHints":{"allow":["GET"]}}],"collection":[{"href":"https:\/\/bam-digitalacademy.com\/index.php?rest_route=\/wp\/v2\/product"}],"about":[{"href":"https:\/\/bam-digitalacademy.com\/index.php?rest_route=\/wp\/v2\/types\/product"}],"wp:featuredmedia":[{"embeddable":true,"href":"https:\/\/bam-digitalacademy.com\/index.php?rest_route=\/wp\/v2\/media\/1300"}],"wp:attachment":[{"href":"https:\/\/bam-digitalacademy.com\/index.php?rest_route=%2Fwp%2Fv2%2Fmedia&parent=948"}],"wp:term":[{"taxonomy":"product_brand","embeddable":true,"href":"https:\/\/bam-digitalacademy.com\/index.php?rest_route=%2Fwp%2Fv2%2Fproduct_brand&post=948"},{"taxonomy":"product_cat","embeddable":true,"href":"https:\/\/bam-digitalacademy.com\/index.php?rest_route=%2Fwp%2Fv2%2Fproduct_cat&post=948"},{"taxonomy":"product_tag","embeddable":true,"href":"https:\/\/bam-digitalacademy.com\/index.php?rest_route=%2Fwp%2Fv2%2Fproduct_tag&post=948"}],"curies":[{"name":"wp","href":"https:\/\/api.w.org\/{rel}","templated":true}]}}