{"id":955,"date":"2025-09-05T00:35:01","date_gmt":"2025-09-04T22:35:01","guid":{"rendered":"https:\/\/bam-digitalacademy.com\/?product=tarjetas-imanadas-y-troqueladas-1000-unds-cote-350gr"},"modified":"2025-11-10T14:43:22","modified_gmt":"2025-11-10T13:43:22","slug":"tarjetas-imanadas-y-troqueladas-1000-unds-cote-350gr","status":"publish","type":"product","link":"https:\/\/bam-digitalacademy.com\/?product=tarjetas-imanadas-y-troqueladas-1000-unds-cote-350gr","title":{"rendered":"Tarjetas Imanadas y Troqueladas (1000 unds, Cote 350gr)"},"content":{"rendered":"<p data-start=\"206\" data-end=\"333\">Tarjetas personalizadas con im\u00e1n en el reverso y corte troquelado, ideales para promociones pr\u00e1cticas y de alto impacto visual.<\/p>\n<p data-start=\"335\" data-end=\"367\"><strong data-start=\"335\" data-end=\"367\">Caracter\u00edsticas principales:<\/strong><\/p>\n<ul data-start=\"368\" data-end=\"794\">\n<li data-start=\"368\" data-end=\"474\">\n<p data-start=\"370\" data-end=\"474\">Formato personalizable con corte troquelado, dando a las tarjetas una forma \u00fanica que las hace destacar.<\/p>\n<\/li>\n<li data-start=\"475\" data-end=\"600\">\n<p data-start=\"477\" data-end=\"600\">Reverso im\u00e1n, permitiendo que las tarjetas se adhieran a superficies met\u00e1licas como refrigeradores, pizarras o escritorios.<\/p>\n<\/li>\n<li data-start=\"601\" data-end=\"699\">\n<p data-start=\"603\" data-end=\"699\">Papel Cote 350 gramos, de alta calidad y durabilidad, ideal para un acabado firme y profesional.<\/p>\n<\/li>\n<li data-start=\"700\" data-end=\"794\">\n<p data-start=\"702\" data-end=\"794\">Paquete de 1000 unidades, perfecto para grandes campa\u00f1as de marketing o promociones masivas.<\/p>\n<\/li>\n<\/ul>\n<p data-start=\"796\" data-end=\"811\"><strong data-start=\"796\" data-end=\"811\">Beneficios:<\/strong><\/p>\n<ul data-start=\"812\" data-end=\"1149\">\n<li data-start=\"812\" data-end=\"921\">\n<p data-start=\"814\" data-end=\"921\">El im\u00e1n garantiza que las tarjetas se mantengan visibles de forma constante, como recordatorios o anuncios.<\/p>\n<\/li>\n<li data-start=\"922\" data-end=\"1027\">\n<p data-start=\"924\" data-end=\"1027\">El corte troquelado da un toque creativo y distintivo a cada tarjeta, personalizando a\u00fan m\u00e1s tu dise\u00f1o.<\/p>\n<\/li>\n<li data-start=\"1028\" data-end=\"1149\">\n<p data-start=\"1030\" data-end=\"1149\">Ideal para empresas que buscan una forma innovadora de destacar su marca o producto, combinando funcionalidad y dise\u00f1o.<\/p>\n<\/li>\n<\/ul>\n","protected":false},"excerpt":{"rendered":"<p>Tarjetas personalizadas con im\u00e1n en el reverso y corte troquelado, ideales para promociones pr\u00e1cticas y de alto impacto visual. Caracter\u00edsticas principales: Formato personalizable con corte troquelado, dando a las tarjetas una forma \u00fanica que las hace destacar. Reverso im\u00e1n, permitiendo que las tarjetas se adhieran a superficies met\u00e1licas como refrigeradores, pizarras o escritorios. Papel Cote 350 gramos, de alta calidad y durabilidad, ideal para un acabado firme y profesional. Paquete de 1000 unidades, perfecto para grandes campa\u00f1as de marketing o promociones masivas. Beneficios: El im\u00e1n garantiza que las tarjetas se mantengan visibles de forma constante, como recordatorios o anuncios. El corte troquelado da un toque creativo y distintivo a cada tarjeta, personalizando a\u00fan m\u00e1s tu dise\u00f1o. Ideal para empresas que buscan una forma innovadora de destacar su marca o producto, combinando funcionalidad y dise\u00f1o.<\/p>\n","protected":false},"featured_media":1304,"template":"","meta":[],"product_brand":[],"product_cat":[23],"product_tag":[],"class_list":{"0":"post-955","1":"product","2":"type-product","3":"status-publish","4":"has-post-thumbnail","6":"product_cat-impresos-por-millar","8":"first","9":"instock","10":"shipping-taxable","11":"purchasable","12":"product-type-simple"},"_links":{"self":[{"href":"https:\/\/bam-digitalacademy.com\/index.php?rest_route=\/wp\/v2\/product\/955","targetHints":{"allow":["GET"]}}],"collection":[{"href":"https:\/\/bam-digitalacademy.com\/index.php?rest_route=\/wp\/v2\/product"}],"about":[{"href":"https:\/\/bam-digitalacademy.com\/index.php?rest_route=\/wp\/v2\/types\/product"}],"wp:featuredmedia":[{"embeddable":true,"href":"https:\/\/bam-digitalacademy.com\/index.php?rest_route=\/wp\/v2\/media\/1304"}],"wp:attachment":[{"href":"https:\/\/bam-digitalacademy.com\/index.php?rest_route=%2Fwp%2Fv2%2Fmedia&parent=955"}],"wp:term":[{"taxonomy":"product_brand","embeddable":true,"href":"https:\/\/bam-digitalacademy.com\/index.php?rest_route=%2Fwp%2Fv2%2Fproduct_brand&post=955"},{"taxonomy":"product_cat","embeddable":true,"href":"https:\/\/bam-digitalacademy.com\/index.php?rest_route=%2Fwp%2Fv2%2Fproduct_cat&post=955"},{"taxonomy":"product_tag","embeddable":true,"href":"https:\/\/bam-digitalacademy.com\/index.php?rest_route=%2Fwp%2Fv2%2Fproduct_tag&post=955"}],"curies":[{"name":"wp","href":"https:\/\/api.w.org\/{rel}","templated":true}]}}