{"id":970,"date":"2025-09-05T00:35:03","date_gmt":"2025-09-04T22:35:03","guid":{"rendered":"https:\/\/bam-digitalacademy.com\/?product=2000-hojas-membrete"},"modified":"2025-11-10T14:47:04","modified_gmt":"2025-11-10T13:47:04","slug":"2000-hojas-membrete","status":"publish","type":"product","link":"https:\/\/bam-digitalacademy.com\/?product=2000-hojas-membrete","title":{"rendered":"2000 Hojas Membrete"},"content":{"rendered":"<p data-start=\"130\" data-end=\"259\">Hojas de membrete personalizadas, ideales para mantener una imagen corporativa profesional en todas las comunicaciones oficiales.<\/p>\n<p data-start=\"261\" data-end=\"293\"><strong data-start=\"261\" data-end=\"293\">Caracter\u00edsticas principales:<\/strong><\/p>\n<ul data-start=\"294\" data-end=\"708\">\n<li data-start=\"294\" data-end=\"401\">\n<p data-start=\"296\" data-end=\"401\">Paquete de 2000 hojas de membrete, ideal para empresas o negocios con grandes vol\u00famenes de documentaci\u00f3n.<\/p>\n<\/li>\n<li data-start=\"402\" data-end=\"518\">\n<p data-start=\"404\" data-end=\"518\">Papel de alta calidad, dise\u00f1ado para imprimir textos, logotipos y detalles de contacto con un acabado profesional.<\/p>\n<\/li>\n<li data-start=\"519\" data-end=\"632\">\n<p data-start=\"521\" data-end=\"632\">Personalizaci\u00f3n del membrete con el dise\u00f1o de tu empresa, incluyendo logotipo, direcci\u00f3n, tel\u00e9fono y sitio web.<\/p>\n<\/li>\n<li data-start=\"633\" data-end=\"708\">\n<p data-start=\"635\" data-end=\"708\">Perfecto para cartas, presupuestos, facturas y otros documentos formales.<\/p>\n<\/li>\n<\/ul>\n<p data-start=\"710\" data-end=\"725\"><strong data-start=\"710\" data-end=\"725\">Beneficios:<\/strong><\/p>\n<ul data-start=\"726\" data-end=\"987\">\n<li data-start=\"726\" data-end=\"822\">\n<p data-start=\"728\" data-end=\"822\">Asegura una imagen profesional y coherente en todas las comunicaciones escritas de tu empresa.<\/p>\n<\/li>\n<li data-start=\"823\" data-end=\"903\">\n<p data-start=\"825\" data-end=\"903\">Ideal para empresas que requieren grandes cantidades de papeler\u00eda corporativa.<\/p>\n<\/li>\n<li data-start=\"904\" data-end=\"987\">\n<p data-start=\"906\" data-end=\"987\">Alta calidad de impresi\u00f3n y durabilidad para mantener una presentaci\u00f3n impecable.<\/p>\n<\/li>\n<\/ul>\n","protected":false},"excerpt":{"rendered":"<p>Hojas de membrete personalizadas, ideales para mantener una imagen corporativa profesional en todas las comunicaciones oficiales. Caracter\u00edsticas principales: Paquete de 2000 hojas de membrete, ideal para empresas o negocios con grandes vol\u00famenes de documentaci\u00f3n. Papel de alta calidad, dise\u00f1ado para imprimir textos, logotipos y detalles de contacto con un acabado profesional. Personalizaci\u00f3n del membrete con el dise\u00f1o de tu empresa, incluyendo logotipo, direcci\u00f3n, tel\u00e9fono y sitio web. Perfecto para cartas, presupuestos, facturas y otros documentos formales. Beneficios: Asegura una imagen profesional y coherente en todas las comunicaciones escritas de tu empresa. Ideal para empresas que requieren grandes cantidades de papeler\u00eda corporativa. Alta calidad de impresi\u00f3n y durabilidad para mantener una presentaci\u00f3n impecable.<\/p>\n","protected":false},"featured_media":1312,"template":"","meta":[],"product_brand":[],"product_cat":[23],"product_tag":[],"class_list":{"0":"post-970","1":"product","2":"type-product","3":"status-publish","4":"has-post-thumbnail","6":"product_cat-impresos-por-millar","8":"first","9":"instock","10":"shipping-taxable","11":"purchasable","12":"product-type-simple"},"_links":{"self":[{"href":"https:\/\/bam-digitalacademy.com\/index.php?rest_route=\/wp\/v2\/product\/970","targetHints":{"allow":["GET"]}}],"collection":[{"href":"https:\/\/bam-digitalacademy.com\/index.php?rest_route=\/wp\/v2\/product"}],"about":[{"href":"https:\/\/bam-digitalacademy.com\/index.php?rest_route=\/wp\/v2\/types\/product"}],"wp:featuredmedia":[{"embeddable":true,"href":"https:\/\/bam-digitalacademy.com\/index.php?rest_route=\/wp\/v2\/media\/1312"}],"wp:attachment":[{"href":"https:\/\/bam-digitalacademy.com\/index.php?rest_route=%2Fwp%2Fv2%2Fmedia&parent=970"}],"wp:term":[{"taxonomy":"product_brand","embeddable":true,"href":"https:\/\/bam-digitalacademy.com\/index.php?rest_route=%2Fwp%2Fv2%2Fproduct_brand&post=970"},{"taxonomy":"product_cat","embeddable":true,"href":"https:\/\/bam-digitalacademy.com\/index.php?rest_route=%2Fwp%2Fv2%2Fproduct_cat&post=970"},{"taxonomy":"product_tag","embeddable":true,"href":"https:\/\/bam-digitalacademy.com\/index.php?rest_route=%2Fwp%2Fv2%2Fproduct_tag&post=970"}],"curies":[{"name":"wp","href":"https:\/\/api.w.org\/{rel}","templated":true}]}}